{"id":513,"date":"2019-03-14T13:39:58","date_gmt":"2019-03-14T18:39:58","guid":{"rendered":"https:\/\/nutreceutics.com\/?page_id=513"},"modified":"2021-09-13T12:57:19","modified_gmt":"2021-09-13T17:57:19","slug":"contactenos","status":"publish","type":"page","link":"https:\/\/nutreceutics.com\/index.php\/contactenos\/","title":{"rendered":"Cont\u00e1ctenos"},"content":{"rendered":"<p>[fusion_builder_container admin_label=&#8221;Contact Information + Form&#8221; hundred_percent=&#8221;no&#8221; hundred_percent_height=&#8221;no&#8221; hundred_percent_height_scroll=&#8221;no&#8221; hundred_percent_height_center_content=&#8221;yes&#8221; equal_height_columns=&#8221;no&#8221; menu_anchor=&#8221;&#8221; hide_on_mobile=&#8221;small-visibility,medium-visibility,large-visibility&#8221; status=&#8221;published&#8221; publish_date=&#8221;&#8221; class=&#8221;&#8221; id=&#8221;&#8221; background_color=&#8221;rgba(255,255,255,0)&#8221; background_image=&#8221;&#8221; background_position=&#8221;center center&#8221; background_repeat=&#8221;no-repeat&#8221; fade=&#8221;no&#8221; background_parallax=&#8221;none&#8221; enable_mobile=&#8221;no&#8221; parallax_speed=&#8221;0.3&#8243; video_mp4=&#8221;&#8221; video_webm=&#8221;&#8221; video_ogv=&#8221;&#8221; video_url=&#8221;&#8221; video_aspect_ratio=&#8221;16:9&#8243; video_loop=&#8221;yes&#8221; video_mute=&#8221;yes&#8221; video_preview_image=&#8221;&#8221; border_size=&#8221;&#8221; border_color=&#8221;&#8221; border_style=&#8221;solid&#8221; margin_top=&#8221;&#8221; margin_bottom=&#8221;&#8221; padding_top=&#8221;&#8221; padding_right=&#8221;&#8221; padding_bottom=&#8221;&#8221; padding_left=&#8221;&#8221; admin_toggled=&#8221;no&#8221;][fusion_builder_row][fusion_builder_column type=&#8221;1_2&#8243; layout=&#8221;1_2&#8243; spacing=&#8221;6%&#8221; center_content=&#8221;yes&#8221; link=&#8221;&#8221; target=&#8221;_self&#8221; min_height=&#8221;&#8221; hide_on_mobile=&#8221;small-visibility,medium-visibility,large-visibility&#8221; class=&#8221;&#8221; id=&#8221;&#8221; background_image_id=&#8221;&#8221; background_color=&#8221;#000000&#8243; background_image=&#8221;https:\/\/nutreceutics.com\/wp-content\/uploads\/2019\/11\/005.jpg&#8221; background_position=&#8221;center center&#8221; undefined=&#8221;&#8221; background_repeat=&#8221;no-repeat&#8221; hover_type=&#8221;none&#8221; border_size=&#8221;0&#8243; border_color=&#8221;&#8221; border_style=&#8221;solid&#8221; border_position=&#8221;all&#8221; border_radius_top_left=&#8221;&#8221; border_radius_top_right=&#8221;&#8221; border_radius_bottom_left=&#8221;&#8221; border_radius_bottom_right=&#8221;&#8221; box_shadow=&#8221;yes&#8221; box_shadow_vertical=&#8221;0&#8243; box_shadow_horizontal=&#8221;0&#8243; box_shadow_blur=&#8221;20&#8243; box_shadow_spread=&#8221;0&#8243; box_shadow_color=&#8221;rgba(0,0,0,0.05)&#8221; box_shadow_style=&#8221;&#8221; padding_top=&#8221;80px&#8221; padding_right=&#8221;10%&#8221; padding_bottom=&#8221;80px&#8221; padding_left=&#8221;10%&#8221; margin_top=&#8221;-6%&#8221; margin_bottom=&#8221;0px&#8221; animation_type=&#8221;&#8221; animation_direction=&#8221;left&#8221; animation_speed=&#8221;0.3&#8243; animation_offset=&#8221;&#8221; last=&#8221;false&#8221; first=&#8221;true&#8221;][fusion_content_boxes layout=&#8221;icon-on-side&#8221; columns=&#8221;1&#8243; title_size=&#8221;18px&#8221; heading_size=&#8221;2&#8243; backgroundcolor=&#8221;#ffffff&#8221; iconspin=&#8221;no&#8221; icon_circle=&#8221;yes&#8221; circlebordersize=&#8221;2&#8243; icon_size=&#8221;35&#8243; icon_hover_type=&#8221;none&#8221; icon_align=&#8221;left&#8221; animation_direction=&#8221;left&#8221; animation_speed=&#8221;0.3&#8243; margin_bottom=&#8221;0px&#8221; hide_on_mobile=&#8221;small-visibility,medium-visibility,large-visibility&#8221; hover_accent_color=&#8221;#333338&#8243;][fusion_content_box title=&#8221;CENTRO DE OPERACIONES&#8221; backgroundcolor=&#8221;rgba(255,255,255,0.8)&#8221; icon=&#8221;fa-map-marker-alt fas&#8221; iconflip=&#8221;&#8221; iconrotate=&#8221;&#8221; iconspin=&#8221;no&#8221; iconcolor=&#8221;&#8221; circlecolor=&#8221;&#8221; circlebordersize=&#8221;&#8221; circlebordercolor=&#8221;&#8221; outercirclebordersize=&#8221;&#8221; outercirclebordercolor=&#8221;&#8221; image=&#8221;&#8221; image_id=&#8221;&#8221; image_max_width=&#8221;&#8221; image_height=&#8221;&#8221; link=&#8221;&#8221; linktext=&#8221;Read More&#8221; link_target=&#8221;&#8221; animation_type=&#8221;&#8221; animation_direction=&#8221;left&#8221; animation_speed=&#8221;0.3&#8243; animation_offset=&#8221;&#8221;]<\/p>\n<p class=\"p1\">Carrera 49c # 80 &#8211; 200<br \/>\nBarranquilla, Colombia<\/p>\n<p>[\/fusion_content_box][fusion_content_box title=&#8221;LL\u00c1MENOS&#8221; backgroundcolor=&#8221;rgba(255,255,255,0.8)&#8221; icon=&#8221;fa-phone fas&#8221; iconflip=&#8221;&#8221; iconrotate=&#8221;&#8221; iconspin=&#8221;no&#8221; iconcolor=&#8221;&#8221; circlecolor=&#8221;&#8221; circlebordersize=&#8221;&#8221; circlebordercolor=&#8221;&#8221; outercirclebordersize=&#8221;&#8221; outercirclebordercolor=&#8221;&#8221; image=&#8221;&#8221; image_id=&#8221;&#8221; image_max_width=&#8221;&#8221; image_height=&#8221;&#8221; link=&#8221;&#8221; linktext=&#8221;Read More&#8221; link_target=&#8221;&#8221; animation_type=&#8221;&#8221; animation_direction=&#8221;left&#8221; animation_speed=&#8221;0.3&#8243; animation_offset=&#8221;&#8221;]<\/p>\n<p>+57 (5) 348 9550<br \/>\n+57 320 545 7366<\/p>\n<p>[\/fusion_content_box][fusion_content_box title=&#8221;ESCR\u00cdBANOS&#8221; backgroundcolor=&#8221;rgba(255,255,255,0.8)&#8221; icon=&#8221;fa-envelope-open fas&#8221; iconflip=&#8221;&#8221; iconrotate=&#8221;&#8221; iconspin=&#8221;no&#8221; iconcolor=&#8221;&#8221; circlecolor=&#8221;&#8221; circlebordersize=&#8221;&#8221; circlebordercolor=&#8221;&#8221; outercirclebordersize=&#8221;&#8221; outercirclebordercolor=&#8221;&#8221; image=&#8221;&#8221; image_id=&#8221;&#8221; image_max_width=&#8221;&#8221; image_height=&#8221;&#8221; link=&#8221;&#8221; linktext=&#8221;Read More&#8221; link_target=&#8221;&#8221; animation_type=&#8221;&#8221; animation_direction=&#8221;left&#8221; animation_speed=&#8221;0.3&#8243; animation_offset=&#8221;&#8221;]info@nutreceutics.com<br \/>\nLun &#8211; Vie | 8:00 a.m. a 5:00 p.m[\/fusion_content_box][\/fusion_content_boxes][fusion_builder_row_inner][fusion_builder_column_inner type=&#8221;1_1&#8243; layout=&#8221;1_1&#8243; spacing=&#8221;&#8221; center_content=&#8221;no&#8221; hover_type=&#8221;none&#8221; link=&#8221;&#8221; target=&#8221;_self&#8221; min_height=&#8221;&#8221; hide_on_mobile=&#8221;small-visibility,medium-visibility,large-visibility&#8221; class=&#8221;&#8221; id=&#8221;&#8221; background_color=&#8221;rgba(255,255,255,0.8)&#8221; background_image=&#8221;&#8221; background_position=&#8221;left top&#8221; undefined=&#8221;&#8221; background_repeat=&#8221;no-repeat&#8221; border_size=&#8221;0&#8243; border_color=&#8221;&#8221; border_style=&#8221;solid&#8221; border_position=&#8221;all&#8221; border_radius_top_left=&#8221;&#8221; border_radius_top_right=&#8221;&#8221; border_radius_bottom_left=&#8221;&#8221; border_radius_bottom_right=&#8221;&#8221; box_shadow=&#8221;no&#8221; box_shadow_vertical=&#8221;&#8221; box_shadow_horizontal=&#8221;&#8221; box_shadow_blur=&#8221;&#8221; box_shadow_spread=&#8221;&#8221; box_shadow_color=&#8221;&#8221; box_shadow_style=&#8221;&#8221; padding_top=&#8221;30px&#8221; padding_right=&#8221;&#8221; padding_bottom=&#8221;20px&#8221; padding_left=&#8221;&#8221; margin_top=&#8221;0px&#8221; margin_bottom=&#8221;0px&#8221; animation_type=&#8221;&#8221; animation_direction=&#8221;left&#8221; animation_speed=&#8221;0.3&#8243; animation_offset=&#8221;&#8221; last=&#8221;true&#8221; first=&#8221;true&#8221;][fusion_social_links icons_boxed=&#8221;&#8221; icons_boxed_radius=&#8221;&#8221; color_type=&#8221;&#8221; icon_colors=&#8221;&#8221; box_colors=&#8221;&#8221; tooltip_placement=&#8221;&#8221; blogger=&#8221;&#8221; deviantart=&#8221;&#8221; digg=&#8221;&#8221; dribbble=&#8221;&#8221; dropbox=&#8221;&#8221; facebook=&#8221;facebook.com&#8221; flickr=&#8221;&#8221; forrst=&#8221;&#8221; googleplus=&#8221;&#8221; instagram=&#8221;instagram.com&#8221; linkedin=&#8221;&#8221; myspace=&#8221;&#8221; paypal=&#8221;&#8221; pinterest=&#8221;pinterest.com&#8221; reddit=&#8221;&#8221; rss=&#8221;&#8221; skype=&#8221;&#8221; soundcloud=&#8221;&#8221; spotify=&#8221;&#8221; tumblr=&#8221;&#8221; twitter=&#8221;twitter.com&#8221; vimeo=&#8221;&#8221; vk=&#8221;&#8221; whatsapp=&#8221;&#8221; xing=&#8221;&#8221; yahoo=&#8221;&#8221; yelp=&#8221;&#8221; youtube=&#8221;youtube.com&#8221; email=&#8221;&#8221; show_custom=&#8221;no&#8221; alignment=&#8221;center&#8221; hide_on_mobile=&#8221;small-visibility,medium-visibility,large-visibility&#8221; class=&#8221;&#8221; id=&#8221;&#8221; \/][\/fusion_builder_column_inner][\/fusion_builder_row_inner][\/fusion_builder_column][fusion_builder_column type=&#8221;1_2&#8243; layout=&#8221;1_2&#8243; spacing=&#8221;&#8221; center_content=&#8221;no&#8221; link=&#8221;&#8221; target=&#8221;_self&#8221; min_height=&#8221;&#8221; hide_on_mobile=&#8221;small-visibility,medium-visibility,large-visibility&#8221; class=&#8221;&#8221; id=&#8221;&#8221; background_image_id=&#8221;&#8221; background_color=&#8221;rgba(255,255,255,0)&#8221; background_image=&#8221;&#8221; background_position=&#8221;center top&#8221; undefined=&#8221;&#8221; background_repeat=&#8221;no-repeat&#8221; hover_type=&#8221;none&#8221; border_size=&#8221;0&#8243; border_color=&#8221;#e0dede&#8221; border_style=&#8221;dotted&#8221; border_position=&#8221;right&#8221; padding_top=&#8221;&#8221; padding_right=&#8221;&#8221; padding_bottom=&#8221;&#8221; padding_left=&#8221;&#8221; margin_top=&#8221;&#8221; margin_bottom=&#8221;&#8221; animation_type=&#8221;&#8221; animation_direction=&#8221;left&#8221; animation_speed=&#8221;0.3&#8243; animation_offset=&#8221;&#8221; last=&#8221;true&#8221; first=&#8221;false&#8221;][fusion_title hide_on_mobile=&#8221;small-visibility,medium-visibility,large-visibility&#8221; class=&#8221;&#8221; id=&#8221;&#8221; content_align=&#8221;left&#8221; size=&#8221;2&#8243; font_size=&#8221;22px&#8221; line_height=&#8221;&#8221; letter_spacing=&#8221;&#8221; margin_top=&#8221;60px&#8221; margin_bottom=&#8221;&#8221; margin_top_mobile=&#8221;&#8221; margin_bottom_mobile=&#8221;&#8221; text_color=&#8221;&#8221; style_type=&#8221;single dotted&#8221; sep_color=&#8221;&#8221;]<\/p>\n<p>P\u00d3NGASE EN CONTACTO<\/p>\n<p>[\/fusion_title][fusion_text columns=&#8221;&#8221; column_min_width=&#8221;&#8221; column_spacing=&#8221;&#8221; rule_style=&#8221;default&#8221; rule_size=&#8221;&#8221; rule_color=&#8221;&#8221; hide_on_mobile=&#8221;small-visibility,medium-visibility,large-visibility&#8221; class=&#8221;&#8221; id=&#8221;&#8221;]<\/p>\n<p style=\"text-align: left;\">D\u00e9jenos un mensaje y un asesor de nuestro equipo se pondr\u00e1n en cont\u00e1cto en el menor tiempo posible.<\/p>\n<p>[\/fusion_text][contact-form-7 id=&#8221;534&#8243; \/][\/fusion_builder_column][\/fusion_builder_row][\/fusion_builder_container]<\/p>\n","protected":false},"excerpt":{"rendered":"<p>[fusion_builder_container admin_label=&#8221;Contact Information + Form&#8221; hundred_percent=&#8221;no&#8221; hundred_percent_height=&#8221;no&#8221; hundred_percent_height_scroll=&#8221;no&#8221; hundred_percent_height_center_content=&#8221;yes&#8221; equal_height_columns=&#8221;no&#8221; menu_anchor=&#8221;&#8221; hide_on_mobile=&#8221;small-visibility,medium-visibility,large-visibility&#8221; status=&#8221;published&#8221; publish_date=&#8221;&#8221; class=&#8221;&#8221; id=&#8221;&#8221; background_color=&#8221;rgba(255,255,255,0)&#8221; background_image=&#8221;&#8221; background_position=&#8221;center center&#8221; background_repeat=&#8221;no-repeat&#8221; fade=&#8221;no&#8221; background_parallax=&#8221;none&#8221; enable_mobile=&#8221;no&#8221; parallax_speed=&#8221;0.3&#8243; video_mp4=&#8221;&#8221; video_webm=&#8221;&#8221; video_ogv=&#8221;&#8221; video_url=&#8221;&#8221; video_aspect_ratio=&#8221;16:9&#8243; video_loop=&#8221;yes&#8221; video_mute=&#8221;yes&#8221; video_preview_image=&#8221;&#8221; border_size=&#8221;&#8221; border_color=&#8221;&#8221; border_style=&#8221;solid&#8221; margin_top=&#8221;&#8221; margin_bottom=&#8221;&#8221; padding_top=&#8221;&#8221; padding_right=&#8221;&#8221; padding_bottom=&#8221;&#8221; padding_left=&#8221;&#8221; admin_toggled=&#8221;no&#8221;][fusion_builder_row][fusion_builder_column type=&#8221;1_2&#8243; layout=&#8221;1_2&#8243; spacing=&#8221;6%&#8221; center_content=&#8221;yes&#8221; link=&#8221;&#8221; target=&#8221;_self&#8221; min_height=&#8221;&#8221; hide_on_mobile=&#8221;small-visibility,medium-visibility,large-visibility&#8221; class=&#8221;&#8221; id=&#8221;&#8221; background_image_id=&#8221;&#8221; background_color=&#8221;#000000&#8243; [&hellip;]<\/p>\n","protected":false},"author":1,"featured_media":0,"parent":0,"menu_order":0,"comment_status":"closed","ping_status":"closed","template":"100-width.php","meta":{"footnotes":""},"class_list":["post-513","page","type-page","status-publish","hentry"],"_links":{"self":[{"href":"https:\/\/nutreceutics.com\/index.php\/wp-json\/wp\/v2\/pages\/513","targetHints":{"allow":["GET"]}}],"collection":[{"href":"https:\/\/nutreceutics.com\/index.php\/wp-json\/wp\/v2\/pages"}],"about":[{"href":"https:\/\/nutreceutics.com\/index.php\/wp-json\/wp\/v2\/types\/page"}],"author":[{"embeddable":true,"href":"https:\/\/nutreceutics.com\/index.php\/wp-json\/wp\/v2\/users\/1"}],"replies":[{"embeddable":true,"href":"https:\/\/nutreceutics.com\/index.php\/wp-json\/wp\/v2\/comments?post=513"}],"version-history":[{"count":6,"href":"https:\/\/nutreceutics.com\/index.php\/wp-json\/wp\/v2\/pages\/513\/revisions"}],"predecessor-version":[{"id":2490,"href":"https:\/\/nutreceutics.com\/index.php\/wp-json\/wp\/v2\/pages\/513\/revisions\/2490"}],"wp:attachment":[{"href":"https:\/\/nutreceutics.com\/index.php\/wp-json\/wp\/v2\/media?parent=513"}],"curies":[{"name":"wp","href":"https:\/\/api.w.org\/{rel}","templated":true}]}}